{"id":8325,"date":"2022-11-02T16:20:43","date_gmt":"2022-11-02T15:20:43","guid":{"rendered":"https:\/\/www.decovera.com\/lavagem-da-cabeca\/"},"modified":"2026-04-15T17:26:11","modified_gmt":"2026-04-15T15:26:11","slug":"lavagem-da-cabeca","status":"publish","type":"page","link":"https:\/\/www.decovera.com\/pt-pt\/lavagem-da-cabeca\/","title":{"rendered":"Lavat\u00f3rios"},"content":{"rendered":"","protected":false},"excerpt":{"rendered":"","protected":false},"author":1,"featured_media":0,"parent":0,"menu_order":0,"comment_status":"closed","ping_status":"closed","template":"","meta":{"_joinchat":[],"footnotes":""},"class_list":["post-8325","page","type-page","status-publish","hentry"],"yoast_head":"<!-- This site is optimized with the Yoast SEO plugin v27.5 - https:\/\/yoast.com\/product\/yoast-seo-wordpress\/ -->\n<title>Anilhas de cabe\u00e7a feitas \u00e0 medida : DECOVERA Furniture<\/title>\n<meta name=\"description\" content=\"Todos os lavadores de cabe\u00e7a DECOVERA incorporam um espig\u00e3o de cer\u00e2mica profundo, com um pesco\u00e7o arredondado para se adaptar \u00e0 coluna cervical do cliente. Descobre-os!\" \/>\n<meta name=\"robots\" content=\"index, follow, max-snippet:-1, max-image-preview:large, max-video-preview:-1\" \/>\n<link rel=\"canonical\" href=\"https:\/\/www.decovera.com\/pt-pt\/lavagem-da-cabeca\/\" \/>\n<meta property=\"og:locale\" content=\"pt_PT\" \/>\n<meta property=\"og:type\" content=\"article\" \/>\n<meta property=\"og:title\" content=\"Anilhas de cabe\u00e7a feitas \u00e0 medida : DECOVERA Furniture\" \/>\n<meta property=\"og:description\" content=\"Todos os lavadores de cabe\u00e7a DECOVERA incorporam um espig\u00e3o de cer\u00e2mica profundo, com um pesco\u00e7o arredondado para se adaptar \u00e0 coluna cervical do cliente. Descobre-os!\" \/>\n<meta property=\"og:url\" content=\"https:\/\/www.decovera.com\/pt-pt\/lavagem-da-cabeca\/\" \/>\n<meta property=\"og:site_name\" content=\"DECOVERA\" \/>\n<meta property=\"article:modified_time\" content=\"2026-04-15T15:26:11+00:00\" \/>\n<meta name=\"twitter:card\" content=\"summary_large_image\" \/>\n<meta name=\"twitter:label1\" content=\"Tempo estimado de leitura\" \/>\n\t<meta name=\"twitter:data1\" content=\"6 minutos\" \/>\n<script type=\"application\/ld+json\" class=\"yoast-schema-graph\">{\"@context\":\"https:\\\/\\\/schema.org\",\"@graph\":[{\"@type\":\"WebPage\",\"@id\":\"https:\\\/\\\/www.decovera.com\\\/pt-pt\\\/lavagem-da-cabeca\\\/\",\"url\":\"https:\\\/\\\/www.decovera.com\\\/pt-pt\\\/lavagem-da-cabeca\\\/\",\"name\":\"Anilhas de cabe\u00e7a feitas \u00e0 medida : DECOVERA Furniture\",\"isPartOf\":{\"@id\":\"https:\\\/\\\/www.decovera.com\\\/#website\"},\"datePublished\":\"2022-11-02T15:20:43+00:00\",\"dateModified\":\"2026-04-15T15:26:11+00:00\",\"description\":\"Todos os lavadores de cabe\u00e7a DECOVERA incorporam um espig\u00e3o de cer\u00e2mica profundo, com um pesco\u00e7o arredondado para se adaptar \u00e0 coluna cervical do cliente. Descobre-os!\",\"breadcrumb\":{\"@id\":\"https:\\\/\\\/www.decovera.com\\\/pt-pt\\\/lavagem-da-cabeca\\\/#breadcrumb\"},\"inLanguage\":\"pt-PT\",\"potentialAction\":[{\"@type\":\"ReadAction\",\"target\":[\"https:\\\/\\\/www.decovera.com\\\/pt-pt\\\/lavagem-da-cabeca\\\/\"]}]},{\"@type\":\"BreadcrumbList\",\"@id\":\"https:\\\/\\\/www.decovera.com\\\/pt-pt\\\/lavagem-da-cabeca\\\/#breadcrumb\",\"itemListElement\":[{\"@type\":\"ListItem\",\"position\":1,\"name\":\"Portada\",\"item\":\"https:\\\/\\\/www.decovera.com\\\/pt-pt\\\/\"},{\"@type\":\"ListItem\",\"position\":2,\"name\":\"Lavat\u00f3rios\"}]},{\"@type\":\"WebSite\",\"@id\":\"https:\\\/\\\/www.decovera.com\\\/#website\",\"url\":\"https:\\\/\\\/www.decovera.com\\\/\",\"name\":\"DECOVERA\",\"description\":\"Furniture\",\"potentialAction\":[{\"@type\":\"SearchAction\",\"target\":{\"@type\":\"EntryPoint\",\"urlTemplate\":\"https:\\\/\\\/www.decovera.com\\\/?s={search_term_string}\"},\"query-input\":{\"@type\":\"PropertyValueSpecification\",\"valueRequired\":true,\"valueName\":\"search_term_string\"}}],\"inLanguage\":\"pt-PT\"}]}<\/script>\n<!-- \/ Yoast SEO plugin. -->","yoast_head_json":{"title":"Anilhas de cabe\u00e7a feitas \u00e0 medida : DECOVERA Furniture","description":"Todos os lavadores de cabe\u00e7a DECOVERA incorporam um espig\u00e3o de cer\u00e2mica profundo, com um pesco\u00e7o arredondado para se adaptar \u00e0 coluna cervical do cliente. Descobre-os!","robots":{"index":"index","follow":"follow","max-snippet":"max-snippet:-1","max-image-preview":"max-image-preview:large","max-video-preview":"max-video-preview:-1"},"canonical":"https:\/\/www.decovera.com\/pt-pt\/lavagem-da-cabeca\/","og_locale":"pt_PT","og_type":"article","og_title":"Anilhas de cabe\u00e7a feitas \u00e0 medida : DECOVERA Furniture","og_description":"Todos os lavadores de cabe\u00e7a DECOVERA incorporam um espig\u00e3o de cer\u00e2mica profundo, com um pesco\u00e7o arredondado para se adaptar \u00e0 coluna cervical do cliente. Descobre-os!","og_url":"https:\/\/www.decovera.com\/pt-pt\/lavagem-da-cabeca\/","og_site_name":"DECOVERA","article_modified_time":"2026-04-15T15:26:11+00:00","twitter_card":"summary_large_image","twitter_misc":{"Tempo estimado de leitura":"6 minutos"},"schema":{"@context":"https:\/\/schema.org","@graph":[{"@type":"WebPage","@id":"https:\/\/www.decovera.com\/pt-pt\/lavagem-da-cabeca\/","url":"https:\/\/www.decovera.com\/pt-pt\/lavagem-da-cabeca\/","name":"Anilhas de cabe\u00e7a feitas \u00e0 medida : DECOVERA Furniture","isPartOf":{"@id":"https:\/\/www.decovera.com\/#website"},"datePublished":"2022-11-02T15:20:43+00:00","dateModified":"2026-04-15T15:26:11+00:00","description":"Todos os lavadores de cabe\u00e7a DECOVERA incorporam um espig\u00e3o de cer\u00e2mica profundo, com um pesco\u00e7o arredondado para se adaptar \u00e0 coluna cervical do cliente. Descobre-os!","breadcrumb":{"@id":"https:\/\/www.decovera.com\/pt-pt\/lavagem-da-cabeca\/#breadcrumb"},"inLanguage":"pt-PT","potentialAction":[{"@type":"ReadAction","target":["https:\/\/www.decovera.com\/pt-pt\/lavagem-da-cabeca\/"]}]},{"@type":"BreadcrumbList","@id":"https:\/\/www.decovera.com\/pt-pt\/lavagem-da-cabeca\/#breadcrumb","itemListElement":[{"@type":"ListItem","position":1,"name":"Portada","item":"https:\/\/www.decovera.com\/pt-pt\/"},{"@type":"ListItem","position":2,"name":"Lavat\u00f3rios"}]},{"@type":"WebSite","@id":"https:\/\/www.decovera.com\/#website","url":"https:\/\/www.decovera.com\/","name":"DECOVERA","description":"Furniture","potentialAction":[{"@type":"SearchAction","target":{"@type":"EntryPoint","urlTemplate":"https:\/\/www.decovera.com\/?s={search_term_string}"},"query-input":{"@type":"PropertyValueSpecification","valueRequired":true,"valueName":"search_term_string"}}],"inLanguage":"pt-PT"}]}},"_links":{"self":[{"href":"https:\/\/www.decovera.com\/pt-pt\/wp-json\/wp\/v2\/pages\/8325","targetHints":{"allow":["GET"]}}],"collection":[{"href":"https:\/\/www.decovera.com\/pt-pt\/wp-json\/wp\/v2\/pages"}],"about":[{"href":"https:\/\/www.decovera.com\/pt-pt\/wp-json\/wp\/v2\/types\/page"}],"author":[{"embeddable":true,"href":"https:\/\/www.decovera.com\/pt-pt\/wp-json\/wp\/v2\/users\/1"}],"replies":[{"embeddable":true,"href":"https:\/\/www.decovera.com\/pt-pt\/wp-json\/wp\/v2\/comments?post=8325"}],"version-history":[{"count":5,"href":"https:\/\/www.decovera.com\/pt-pt\/wp-json\/wp\/v2\/pages\/8325\/revisions"}],"predecessor-version":[{"id":9014,"href":"https:\/\/www.decovera.com\/pt-pt\/wp-json\/wp\/v2\/pages\/8325\/revisions\/9014"}],"wp:attachment":[{"href":"https:\/\/www.decovera.com\/pt-pt\/wp-json\/wp\/v2\/media?parent=8325"}],"curies":[{"name":"wp","href":"https:\/\/api.w.org\/{rel}","templated":true}]}}

Lavatórios

<!-- This site is optimized with the Yoast SEO plugin v27.5 - https://yoast.com/product/yoast-seo-wordpress/ -->
<title>Anilhas de cabeça feitas à medida : DECOVERA Furniture</title>
<meta name="description" content="Todos os lavadores de cabeça DECOVERA incorporam um espigão de cerâmica profundo, com um pescoço arredondado para se adaptar à coluna cervical do cliente. Descobre-os!" />
<meta name="robots" content="index, follow, max-snippet:-1, max-image-preview:large, max-video-preview:-1" />
<link rel="canonical" href="https://www.decovera.com/pt-pt/lavagem-da-cabeca/" />
<meta property="og:locale" content="pt_PT" />
<meta property="og:type" content="article" />
<meta property="og:title" content="Anilhas de cabeça feitas à medida : DECOVERA Furniture" />
<meta property="og:description" content="Todos os lavadores de cabeça DECOVERA incorporam um espigão de cerâmica profundo, com um pescoço arredondado para se adaptar à coluna cervical do cliente. Descobre-os!" />
<meta property="og:url" content="https://www.decovera.com/pt-pt/lavagem-da-cabeca/" />
<meta property="og:site_name" content="DECOVERA" />
<meta property="article:modified_time" content="2026-04-15T15:26:11+00:00" />
<meta name="twitter:card" content="summary_large_image" />
<meta name="twitter:label1" content="Tempo estimado de leitura" />
	<meta name="twitter:data1" content="6 minutos" />
<script type="application/ld+json" class="yoast-schema-graph">{"@context":"https:\/\/schema.org","@graph":[{"@type":"WebPage","@id":"https:\/\/www.decovera.com\/pt-pt\/lavagem-da-cabeca\/","url":"https:\/\/www.decovera.com\/pt-pt\/lavagem-da-cabeca\/","name":"Anilhas de cabeça feitas à medida : DECOVERA Furniture","isPartOf":{"@id":"https:\/\/www.decovera.com\/#website"},"datePublished":"2022-11-02T15:20:43+00:00","dateModified":"2026-04-15T15:26:11+00:00","description":"Todos os lavadores de cabeça DECOVERA incorporam um espigão de cerâmica profundo, com um pescoço arredondado para se adaptar à coluna cervical do cliente. Descobre-os!","breadcrumb":{"@id":"https:\/\/www.decovera.com\/pt-pt\/lavagem-da-cabeca\/#breadcrumb"},"inLanguage":"pt-PT","potentialAction":[{"@type":"ReadAction","target":["https:\/\/www.decovera.com\/pt-pt\/lavagem-da-cabeca\/"]}]},{"@type":"BreadcrumbList","@id":"https:\/\/www.decovera.com\/pt-pt\/lavagem-da-cabeca\/#breadcrumb","itemListElement":[{"@type":"ListItem","position":1,"name":"Portada","item":"https:\/\/www.decovera.com\/pt-pt\/"},{"@type":"ListItem","position":2,"name":"Lavatórios"}]},{"@type":"WebSite","@id":"https:\/\/www.decovera.com\/#website","url":"https:\/\/www.decovera.com\/","name":"DECOVERA","description":"Furniture","potentialAction":[{"@type":"SearchAction","target":{"@type":"EntryPoint","urlTemplate":"https:\/\/www.decovera.com\/?s={search_term_string}"},"query-input":{"@type":"PropertyValueSpecification","valueRequired":true,"valueName":"search_term_string"}}],"inLanguage":"pt-PT"}]}</script>
<!-- / Yoast SEO plugin. -->

Anilhas de cabeça feitas à medida : DECOVERA Furniture

Todos os lavadores de cabeça DECOVERA incorporam um espigão de cerâmica profundo, com um pescoço arredondado para se adaptar à coluna cervical do cliente. Descobre-os!
